 -135 + 1/2*r**2 + 7*r. What is b(j)?
1
Suppose 0 = 5*w - 2*p - 14, 2*w - 2*p - 6 = -p. Suppose 53*h = 54*h + w. Let n(q) = -q - 1. Calculate n(h).
1
Let f(v) be the second derivative of v**3/6 + 6*v**2 + 16*v. Let x = 7509 + -7502. Give f(x).
19
Let h(c) = -206 - 2*c**2 - 226 + 3*c**2 + 406 - 9*c. Give h(9).
-26
Suppose 58*p - 69*p - 44 = 0. Let o(j) = -161 + 2*j - j + 161. Give o(p).
-4
Let i = -46 + 20. Let a be 0 + (-2 - -4) - -32. Let q = i + a. Let g(v) = -v**3 + 8*v**2 - 1. Give g(q).
-1
Suppose 80*c - 85*c = -70. Suppose 0 = -s + 5*w - c, -4*s - 18*w = -20*w - 16. Let n(x) = x**2 - 5*x - 8. Give n(s).
-2
Let p be 24/(-14) + 0 + (-54)/189. Let j(i) = 2*i + 1 - i + 5*i - 9*i. Determine j(p).
7
Let g(a) = -3*a - 3. Let w = -53 + -184. Let r = w - -234. Calculate g(r).
6
Let n(r) = r**3 - 4*r**2 - 2634*r - 4 - 2640*r + 5272*r + r**2. Suppose -3 = -2*h + 5. Calculate n(h).
4
Suppose -10 = 2*k - 4*m, 22*m - 17*m = -2*k + 26. Suppose 5*u = 18 - k. Let h(s) = s**3 - 3*s**2 + 4*s - 3. Calculate h(u).
9
Suppose 0 = o - 5*h + 70 - 110, -o - 20 = 5*h. Let g(y) = -2*y**2 + 7*y - 5. Determine g(o).
-135
Let z(x) = 4*x - 14. Let j = -4038 + 4049. Determine z(j).
30
Let q = 114 + -112. Let m(y) = 5 - 3*y - q*y - y - 1 - 4*y + y**2. Determine m(10).
4
Let k = 1281 + -1284. Let r(s) = -5*s - 3 - 3*s + 6*s + s**2. Calculate r(k).
12
Let l(u) be the third derivative of 17*u**4/24 + 17*u**3/3 + 5187*u**2. What is l(2)?
68
Let b be ((-171)/(-399))/(2/14). Let o(t) = -5*t**2 + b - 14 - 329*t + 4*t**2 + 318*t. What is o(-13)?
-37
Let n(y) = -2*y**2 - 9*y - 9. Let x = 4816 - 4819. What is n(x)?
0
Suppose 7*o = 14*o - 7. Suppose 9*p + 44 + o = 0. Let u(d) be the third derivative of d**4/8 + d**3 + d**2. Give u(p).
-9
Let w(f) = f**2 + 8*f - 8. Let a be w(-13). Let s = a + -52. Suppose -h + s = 4*h. Let u(x) = 5*x. Calculate u(h).
5
Let h(j) = 2*j**2 - 11*j - 21. Let w be (0 + 2)/((1196/234)/23). Give h(w).
42
Suppose -2*k + 3*k - 18 = 0. Suppose 4*b - k = -2*b. Let c(a) = 5*a**2 + 1 - a**b - 10*a - 6 + 7*a. What is c(4)?
-1
Suppose 0 = -2*u - 3*u - 10. Let k(p) be the first derivative of 6*p**2 - p + 13095. What is k(u)?
-25
Let a(k) = k - 2. Let b be a(8). Let l(d) = 8 + 0*d**2 - 3*d**3 + 4*d**3 - b*d**2 - d**2. Let j(m) = m**3 - 21*m**2 + 52*m + 43. Let n be j(18). Calculate l(n).
8
Suppose 8 = j - 2*j. Let c(i) = -10 + 8*i + i**2 + 14 + 8*i - 7*i - 9*i + 8*i. Give c(j).
4
Let j(c) = -c**2 - 6*c + 4. Suppose -d = -5*d - 12. Let f(o) = -o**3 + 24*o**2 - 43*o - 26. Let t be f(22). Let b be t + 4 + d*2. Give j(b).
4
Let r(a) = 185 + 67*a - 234 - 223 - 69. Calculate r(5).
-6
Let i(y) = -y**3 + 7*y**2 - 7*y + 2. Let x = -61 + 55. Let j be 0 + (x - 2)*7. Let r = j + 62. What is i(r)?
-4
Let a = 607 - -94. Let j(m) = -a*m**2 - m**3 + 5*m + 1 - 703*m**2 + 1399*m**2. Determine j(-6).
7
Let j(k) = 65*k**3 + 16*k**2 + 19*k + 28. Let v(r) = -30*r**3 - 7*r**2 - 9*r - 13. Let z(g) = -4*j(g) - 9*v(g). Calculate z(-2).
-89
Let p = 20 - 92. Let n = p - -77. Let r(v) = 5*v + 2*v + 2*v**2 + 1 + n - v**2. Determine r(-4).
-6
Let y(s) = -s**3 - 12*s**2 + 11*s - 2. Let p be y(-13). Let n(z) be the third derivative of z**5/60 - 13*z**4/12 + 23*z**3/3 - 38*z**2. What is n(p)?
-2
Let z(i) = 4*i - 24. Let h(t) = -t + 3. Let r be h(-5). Let l be z(r). Let b(g) be the third derivative of -g**4/24 + 11*g**3/6 + g**2. What is b(l)?
3
Let v be 70/14 + ((0/(-3))/3)/(-2). Let u(j) = -22*j + 112. Give u(v).
2
Let j(s) = -1627*s - 1626*s + 2 + 3251*s - 3 + 4. Let n be (1/(-3))/((-3)/63). Give j(n).
-11
Let l(x) = 0 + 156*x + 3 - 10*x**2 + 5 + x**3 - 232*x. Give l(15).
-7
Let b(v) = -v**3 + v**2 - v + 69. Let w(z) = z**2 + 47*z. Let o be w(-47). Determine b(o).
69
Suppose 0 = -4*j - 3*m + 210 - 61, 0 = j - 2*m - 29. Let a(v) = -v + 29. Determine a(j).
-6
Let i(d) be the first derivative of d**4/4 + 5*d**3/3 + 2*d**2 + 3*d - 22. Let j be i(-2). Let q(n) = 6 + 2*n**3 - n**3 - 6*n**2 - n**2. Determine q(j).
6
Let c(h) = 2*h**2 - 14*h - 13. Let g(w) = 3*w**2 - 15*w - 14. Let b be 23/(-5) - 6/(-10). Let r(z) = b*c(z) + 3*g(z). Calculate r(-9).
-8
Let m(g) = -g + 1. Let j be (-4)/(-10) + 12/20 + -1. Let o(q) be the second derivative of q**4/6 - 22*q. Let s be o(j). What is m(s)?
1
Let h(j) be the second derivative of 2*j**3 - j**2/2 + 1801*j. What is h(1)?
11
Let k(b) = -b**3 - 8*b**2 - 10*b + 2. Suppose -11*d + 8*d - 18 = 0. Calculate k(d).
-10
Let v(a) = -19*a**2 + a - 1. Let l(m) = m**3 + 2*m**2 - 15*m - 27. Let x be l(-4). What is v(x)?
-19
Let r = -244 - -251. Let q(b) = 3*b - 2*b + 18*b**2 - r - 12*b**2 - 5*b**2. Calculate q(-3).
-1
Suppose 2*w + 8 = 6*w + 2*c, -w - c + 1 = 0. Suppose -w*h - 4*j + j = 0, -6 = 3*j. Let p(t) = -t**2 - t**2 + 4*t - h*t**2 - 2*t + 2. Calculate p(-2).
-18
Let g(p) = 1 - 3*p - 43*p**3 + 42*p**3 + 0 + p. Suppose -y + 0*y + 1 = 0. Suppose -5 = -2*j - y. What is g(j)?
-11
Suppose 2*c = -25 + 1. Let j(r) be the second derivative of r**4/12 + 2*r**3 + 2*r**2 - 7092*r. Give j(c).
4
Let d(n) be the third derivative of -n**5/60 + 17*n**4/24 - 10*n**3/3 - 1680*n**2. Calculate d(14).
22
Let n(q) be the second derivative of -q - 1/120*q**6 + 0 - 1/3*q**3 - 1/8*q**4 + 1/12*q**5 - 7*q**2. Let t(u) be the first derivative of n(u). What is t(4)?
2
Let q(m) be the first derivative of m**4/4 + 5*m**3 - 9*m**2 - 14*m + 15. Let a be q(-16). Suppose 5*b - 2*b = -a. Let c(t) = -t**3 - 6*t**2 - 7. What is c(b)?
-7
Suppose -56*k - 4 = -57*k. Let o(l) = 11*l + 15. Let q(p) = 3*p + 1. Let t(m) = k*q(m) - o(m). Give t(5).
-6
Let y(v) = v**2 + 13*v + 41. Let m be 726/121 + (-14 - 0). Determine y(m).
1
Let v(j) = -50*j - 72. Let h(z) = 59*z + 86. Let t(r) = 5*h(r) + 6*v(r). Let s be (4/6)/((-1)/9). Calculate t(s).
28
Let l = 404 + -398. Suppose 42 = -l*r + 12. Let x(v) = -v**3 - 6*v**2 - 4*v + 7. Give x(r).
2
Let r be 13 + (-1 - (3 + -2)). Let a(l) = -12*l + 136. Calculate a(r).
4
Let v = -553 - -556. Suppose -h - h + 12 = 0. Let g(r) = -1 - 5 - h*r + 4. Give g(v).
-20
Let r(j) be the first derivative of -7*j + 7 - 1/2*j**2. Suppose -2*f = 3*s + 29, -118 = s - f - 115. Give r(s).
0
Let u be 2 + 10 + -6 + (-2)/2. Let q(a) be the third derivative of a**5/60 - a**4/24 + 5*a**3/6 + 16*a**2 - 3*a. What is q(u)?
25
Let t = 12685 - 12683. Let w(k) be the second derivative of 0 - 19*k + 1/12*k**4 - t*k**2 + 0*k**3. Determine w(0).
-4
Let j(a) = -3*a**3 + 0*a**3 - 2*a**2 - a**3 + 3*a**3 - a. Let i be j(-2). Let o(z) = 3 - 2 - 2 + z**i - 8*z. Determine o(6).
-13
Let t(m) = -3*m + 15. Let n(v) = -3*v + 15. Let j(u) = 10*u - 23. Let x be j(3). Let q(c) = x*n(c) - 6*t(c). What is q(6)?
-3
Let q(d) = 2*d + 1 - d - d**3 - 6*d - 5*d**2. Let t(n) = 5*n**3 - 19*n**2 - n - 11. Let i be t(7). Let v = -770 + i. What is q(v)?
5
Let f(p) = 3*p**3 - 3*p**2 - 3*p - 3. Suppose -2*x = 86 - 82. Let d(i) = 8*i**3 - 5*i**2 - 6*i - 5. Let j(k) = x*d(k) + 5*f(k). What is j(-5)?
10
Let n(l) be the first derivative of -l**4/4 + 4*l**3 - 6*l**2 + 13*l + 15. Let h = 59 + -48. What is n(h)?
2
Suppose 4*d = 6*d + 84. Let b = d - -68. Let j = b - 31. Let l(c) = -c**3 - 3*c**2 + 6*c + 4. Calculate l(j).
24
Let g(q) = q**3 + 2*q**2 + q + 5. Let x(c) = -4*c**3 + 18*c**2 + 2*c + 40. Let s be x(5). What is g(s)?
5
Let w(n) be the first derivative of -18*n - 1/4*n**4 + 11/3*n**3 + 7*n**2 + 196. Calculate w(12).
6
Let u(a) = -2*a**2 - 1. Let b(j) = -26*j**3 + 8*j**2 + j + 7. Let o(s) = s**2 + 1. Let q(k) = b(k) - 5*o(k). Let g(r) = q(r) + u(r). Calculate g(-1).
27
Let y(p) = p**2 - 6*p + 3. Let x be 63/18 - 4/(-8). Suppose 3*o = 3*c + 5*o - 18, x*c + 3*o = 25. What is y(c)?
-5
Let k(z) = 99*z**2 + 125*z - 45. Let p(s) = 16*s**2 + s - 2. Let c(v) = -k(v) + 6*p(v). Determine c(-40).
-7
Let o(y) be the first derivative of -1 + 2*y**2 - 1/4*y**4 - 4/3*y**3 + 5*y. Let b = -15 - -11. Determine o(b).
-11
Suppose 0 = 97*g - 91*g - 90. Suppose -3*t = -8*t - g. Let r(x) = 5*x**2 + 31*x - 11. Let u(a) = -a**2 - 6*a + 2. Let l(h) = -2*r(h) - 11*u(h). What is l(t)?
-3
Suppose -4*s = -32 + 32. Suppose 11*j = 6*j + 2*c + 43, s = -3*j - 3*c + 30. Let f(z) = -z**3 + 9*z**2 - 2*z. Determine f(j).
-18
Let k(a) be the first derivative of a**4/4 - 2*a**3 - 3*a**2 - 7*a + 255. Let b = -18 + 28. Suppose -3*j - 9 = -2*m - m, 0 = 2*m - j - b. Give k(m).
0
Let